1 - (-48 + 0 + 39)?
-16
Calculate 13 + -35 + -13 - -5.
-30
What is 0 + 1 - (-119 - -118)?
2
What is the value of 7 - 4 - (6 - 9 - -1)?
5
-8 + 7 - (1 + 10 + -3)
-9
Evaluate -4 - -2 - -3 - (7 + 1).
-7
Calculate 0 + 15 + -43 - -1.
-27
What is the value of (3 - (6 + -13 + 9)) + -10 + 8?
-1
Calculate (-31 - 11 - -84) + -41.
1
-13 - (-26 + (26 - (-9 + 22)))
0
Calculate 15 + (26 + -13 - 28) + -1.
-1
What is (0 - (-5 + 13)) + (-9 - -3)?
-14
Calculate 24 - (-14 + -5 + 49).
-6
Calculate 12 + (-13 - (14 - 17)) - (-2 + 23).
-19
Calculate -29 + 27 + -15 - 0.
-17
What is -1 - -4 - (12 - -4)?
-13
What is (2 + -2 - (-2 + -5)) + -126 + 123?
4
What is 11 - ((-6 - -52) + 4 + (-18 - -7))?
-28
What is 31 + (-15 - 15) - (-11 - 0)?
12
Calculate (-5 - -4) + (-18 - -19) + -11.
-11
What is 6 + 4 - (109 - 87)?
-12
What is 3 + -7 - (19 - 17)?
-6
What is -1 + -1 + 9 + (11 - (22 - 5))?
1
What is 9 + (10 - (-1 + 19))?
1
(20 - 21) + (-3 - 0)
-4
What is -103 - -95 - (-21 - 0)?
13
11 + 17 + -21 + -3 + 1 + 9
14
-31 - (0 - (7 - (2 - (-12 - -8))))
-30
Calculate -21 + -12 + 11 + 7 - 1.
-16
Evaluate -1 + -22 + (27 - 13).
-9
Evaluate -4 + -7 - (-27 - (-18 + 4)).
2
What is the value of -14 - (-9 - -6 - 6) - -7?
2
What is -17 + 17 + 7 - (-4 - (-2 - -2))?
11
What is (0 - 6) + (-12 - -14 - (0 + 2))?
-6
Evaluate -7 + (7 - -7) - (-6 - (-4 - -6)).
15
Evaluate 2 + (8 - 2) + -1 + -2 - -3.
8
What is the value of 8 + (-20 - (3 + -4)) - (-33 + 9)?
13
-1 - 20 - (67 + (-58 - 5))
-25
What is 4 - 30 - (-16 + 4 + (7 - -2))?
-23
Evaluate -84 - -73 - (11 + -42).
20
(-195 - -198) + (-1 - -11) + 8
21
Evaluate -24 + 14 + -13 - -34.
11
What is -13 + 24 + (-22 - -4)?
-7
What is 14 + -9 + -4 + (5 - 12) + 14?
8
What is the value of -10 - 1 - (-13 + 2)?
0
What is the value of (3 - (8 - 14 - -10)) + -8 + -1?
-10
-6 + -7 + 2 - (-2 + 0 + -1)
-8
-2 + -2 - (-18 + -23 + 15)
22
What is 7 - (3 + 10 - (-5 - -15))?
4
What is -7 + -10 + 6 + (9 - 0) - -22?
20
(-2 - -9 - (-4 - -6)) + -5 + -1
-1
What is the value of (-42 - -14 - -24) + 13?
9
Calculate -6 + 2 + (3 + -5 - -5).
-1
What is -3 + 22 + -12 + -18?
-11
Calculate 54 - (67 - 12) - ((1 - 3) + -28).
29
What is the value of 31 + -28 + -20 + 22?
5
What is the value of 2 + (22 - ((5 - 0) + (-11 - -8)))?
22
Calculate -22 - (6 - 4 - 12 - (-22 + 18)).
-16
-1 + -2 + 0 + 9 + -16
-10
What is the value of (3 - -2) + -15 + -5 - (-1 - 1)?
-13
-11 - (-24 + -13 + 19 + -14)
21
What is (-1089 - -1115) + -2 + -2?
22
Calculate (-31 - -50 - 27) + 7 + 1.
0
4 + (-1 + 2 - 23) - (-4 - -3)
-17
Calculate 5 + (16 - 18) + -9.
-6
What is 20 - (2 + 5) - 23?
-10
-4 - ((20 - 27) + (4 - -6))
-7
Calculate 0 - (-7 - 0) - ((-70 - -30) + 20).
27
Evaluate -8 + (-2 - -1) - (23 + -18).
-14
Evaluate (50 - 63) + (2 - (4 - 7)).
-8
-21 + 6 - -13 - -7
5
What is the value of -12 - (-6 + (-8 - 0)) - -11?
13
What is the value of (13 - 39 - -55) + -32?
-3
What is the value of (13 - 3) + (8 + -11 + -10 - -3)?
0
What is the value of -11 - (0 + 4 + (-16 - -12))?
-11
What is the value of -18 - (-29 - (-6 + -21))?
-16
31 - (2 + 2) - -2
29
Evaluate (1 - 41) + -7 + (-34 - -50).
-31
Calculate 4 - -2 - 5 - -7 - 4.
4
Calculate 5 - (10 + -16 + 25).
-14
What is the value of (25 - -3) + -1 + -7?
20
What is the value of 55 - -7 - (-6 - -52)?
16
What is (-14 - -14) + 20 + (-2 - -4) + -8?
14
Evaluate 30 + -3 + (9 - (1 - -10)) + 11.
36
What is the value of 10 + 6 + -9 + -8?
-1
What is the value of 0 + -2 + (6 - 13 - 2)?
-11
Evaluate (-19 - 9) + 17 - -7.
-4
What is the value of 10 + -4 + -7 - -10?
9
Evaluate (1 - (9 - (5 - -7))) + -3.
1
Evaluate -4 + (7 - (16 - 2)) - -29.
18
What is 1 + 0 - (84 + -44 - 49)?
10
What is 13 + 1 + (8 - 1) + -13?
8
What is the value of -5 - ((3 - (2 + -9)) + -9)?
-6
-1 + -7 + 11 + -8 + -4
-9
Evaluate (8 - (3 + -5)) + (-16 + 10 - 2).
2
What is (9 + 1 - (-10 + (7 - 1))) + 1?
15
What is 8 - 4 - (-18 - -34)?
-12
Calculate -5 + -49 + -11 + 43.
-22
18 - 0 - (-7 + 7)
18
What is -26 - (31 + 12 + -71)?
2
-3 + -2 + 5 + 1 - (-70 + 67)
4
What is (-2 - -17) + (-5 - (-3 - -5))?
8
Calculate -6 - ((-5 - -19) + -13).
-7
What is the value of -1 - -13 - (-2 + 8) - (27 + 1)?
-22
30 + 5 + -39 - 5
-9
Evaluate (-34 - -21) + -4 + -4 + -5.
-26
What is (-6 - -1) + (184 - 180)?
-1
(-13 - -17 - 8 - (0 + 0)) + 7
3
What is the value of -9 + 5 + (10 - 3) + -5?
-2
What is (-9 - (-15 + 12 - -6)) + -4?
-16
What is the value of 1 - (17 + -6) - (10 + -17)?
-3
-594 + 555 + (-1 - -8)
-32
Calculate 245 - 248 - (2 - (2 - 0) - 7).
4
4 + 5 + (-13 - (-6 + 3) - -7)
6
Calculate (-10 - (-11 - (4 + -2 - 8))) + 0.
-5
Calculate -19 - (3 + -12 + 1).
-11
16 + -14 + (7 - -8)
17
-1 - -12 - (36 - 11 - 19)
5
Evaluate (13 - (1 + -2)) + (2398 - 2377).
35
-8 + (-9 - -6 - -4) + (-3 - -3)
-7
What is the value of (-2 - -2) + -1 + -4?
-5
What is the value of 5 + -15 + 23 + -6?
7
What is 0 - -12 - (-16 - (-2 + -22))?
4
What is (11 - -15) + (14 + -9 - 8) + -8?
15
What is the value of (15 - 2 - 6) + 1 + 7 + -7?
8
What is the value of -7 + (17 + -1 - (8 - 1 - -3))?
-1
Evaluate 7 - (-1 + 16 - (11 - (10 + 8))).
-15
Evaluate (15 - 16 - -5) + (9 - 4).
9
What is (13 - ((-7 - -5) + 9)) + -6?
0
What is -11 - (-7 - (15 - 15))?
-4
Evaluate (206 - 192) + 0 + 1 + 5.
20
Calculate -25 + 5 + 2 - -10.
-8
31 - (22 + -11 + 7 + -10 + -6)
29
Calculate -2 + 1 - ((10 - 4) + 1 + 6).
-14
What is (-15 - 1) + -31 + 33 - (9 - 1)?
-22
What is the value of -11 + 9 + 2 - (1 - -19)?
-20
What is (0 - 31) + (-8 - -29)?
-10
Calculate (-9 - -16 - 8) + 4.
3
What is the value of (10 - 7) + -6 - 2?
-5
13 - (-4 - ((-2 - 2) + 7 + -8))
12
Calculate -4 - 1 - (-13 + 19 + -4).
-7
Evaluate 59 + -50 - (-1 - -2) - 2.
6
5 - (5 + 0 - 6 - -8)
-2
What is (-524 - -527) + (2 - (-1 + 2))?
4
-9 + (-9 - -12) + 0 + 2 - -8
4
Evaluate -9 - (-37 - ((4 - (4 - 8)) + -13)).
23
What is 30 + 2 + 0 + -28 + 8 + 10?
22
Evaluate (-2 - 0) + 50 + (-21 - 9).
18
Evaluate -6 - -3 - -1 - -11.
9
Calculate (2 - 1) + -12 - (-3 - -2).
-10
Calculate -6 - (16 + -12) - -1.
-9
Calculate -30 - (-7 + 5) - -5 - (-49 + 40).
-14
What is (11 - (-14 + 14)) + (0 - (4 + 0))?
7
Evaluate -16 + 55 + 3 + -21.
21
Evaluate -11 + 17 + 2 + 19 + -40.
-13
What is (-40 - (27 + -52)) + 9 - (-1 - -10)?
-15
Evaluate (9 - (25 - 25)) + 13.
22
Calculate 23 - ((-2 - -3) + (-6 - (-2 - -3))).
29
What is 16 + -2 + 1 - (-2325 + 2333)?
7
Evaluate (-75 + 9 - -99) + -12 + -1.
20
Calculate -11 - (1 + -7 - 5).
0
Evaluate -1 + 1 + -22 + 6 + 7.
-9
What is 3 + -6 - (-20 - 1)?
18
Evaluate -6 + 4 + (43 - 59).
-18
What is the value of 9 - (19 + 1 + 1)?
-12
What is the value of -35 - -32 - -16 - (10 - 0) - 11?
-8
30 - (12 + (4 - (6 + 6)))
26
Evaluate 14 - (22 - (-15 + 20)).
-3
Calculate -124 - -102 - ((1 - 1) + -1).
-21
What is 12 - (-32 + 0 + 21)?
23
What is the value of 5 + 6 + 1 + (8 - 11)?
9
What is the value of (2 - 2) + (14 - 4 - 11)?
-1
(12 - -1) + (40 - 57)
-4
Evaluate -2 + (-1 + -13 - -5) + 13.
2
(88 - 40) + -36 - -3
15
Evaluate (14 - 0) + (-8 - (7 - 9)).
8
Calculate 14 - 17 - (3 + 3).
-9
(-1 - 4) + 9 + (25 - 39)
-10
Calculate 1 - ((8 - 1) + 5 + -1 + -2).
-8
What is (-5 - -3) + -1 - (4 + -11) - 27?
-23
What is the value of -3 - (18 - 6 - 3)?
-12
Evaluate (-5 - -6 - 5) + -3 + (-1 - -1).
-7
What is the value of -7 - ((-22 - -16) + -42 - (2 + -9))?
34
Evaluate 1 + -18 + (353 - 341).
-5
40 + (22 - 27 - -1)
36
Calculate -410 + 428 + 1 + -1.
18
Evaluate 0 - (2 + -3) - (-97 - -111).
-13
Calculate -38 - -21 - (-7 + 9 - 35).
16
Calculate (505 - 527) + 1 + 10.
-11
Calculate -8 + (0 - -1) + 7 - 2.
-2
-15 + 1 + 7 - -2 - 2
-7
Calculate -13 + 8 - 3 - -10.
2
Evaluate 221 - 251 - (-12 + 0 + -3).
-15
Calculate -6 + (13 - (1 - -2)) + 4 - 0.
8
Evaluate (-19 - ((-8 - -2) + -3)) + 0.
-10
(2 - 1) + 2 - (186 + -178)
-5
Calculate (-6 - -4) + (-5 - -11) + -7 - 4.
-7
What is -8 - (-1 + (13 - 5))?
-15
Calculate 50 - 1 - (1822 - 1774).
1
What is the value of 8 - (-3 + 8 + -37 + 28)?
12
What is the value of -1 + -8 + 7 + -20 - -6?
-16
Calculate -5 - -3 - (-1 - -2) - (21 + -22).
-2
What is the value of 26 + (38 + -32 - 7)?
25
What is 2 + -21 - (-209 + 168)?
22
-22 - -1 - (-28 - (36 + -53)) - -27
17
Calculate 14 - 3 - (-15 + 4).
22
What is the value of -13 + (11 - 6 - -7) - 24?
-25
What is the value of -19 - (-3 + 5 + 8 + -18)?
-11
Evaluate 0 + (1 + 5 - 7) + 2.
1
What is -33 + (1 - 13) - -17?
-28
Evaluate 5 +